site?
False
Let g = 440687 + -174984. Is g composite?
False
Is (-458)/(-1603)*(-74389)/(-2) prime?
True
Suppose 151559 + 566641 = 4*a - 694524. Is a composite?
True
Let f = -256 - -241. Is 252795/75 + 2 + 24/f prime?
True
Suppose -y + 98651 = -3*a, 0*y - 5*y + 4*a = -493299. Is y a prime number?
True
Let z be -4 + (3 - -2 - -547863) + 5. Suppose 0 = 27*w - 6*w - z. Is w composite?
True
Is 11 - (-22608 - (-18)/3) prime?
True
Let p(b) = -27*b - 25*b + 112*b + 158*b**2 - 31*b - 28*b - 1. Let h(r) = r**2 - r - 4. Let g be h(3). Is p(g) a prime number?
False
Suppose -m - 3*f + 105815 = 0, -6*f + f - 529155 = -5*m. Is m a composite number?
True
Let y = 154665 + -73438. Is y composite?
True
Let u(d) = 146*d**2 + 188*d + 239. Is u(44) a composite number?
False
Let j(y) = -278*y + 427. Is j(-26) prime?
False
Let y(q) = 2 - 1263*q - 10 - 12 - 3 - 337*q. Is y(-8) a prime number?
False
Let k be (8 - 3) + -10*1 + 2. Is -9*(-58595)/(-135)*k a prime number?
True
Is 90/315 + (-359847)/(-7) a composite number?
False
Let a = 20 - 18. Suppose -a*n = -3*n - 4*k - 14, -3*k = 5*n + 36. Is 35/(-25) + n/10 - -1563 a composite number?
True
Suppose 18 - 2 = 2*b. Suppose 6*y + b*y = -56. Let s(j) = 34*j**2 - 3*j + 1. Is s(y) composite?
False
Suppose m - 4*m = 6. Let n be 1226 + m + 0/4. Suppose 9*c - 4*c - l - 6090 = 0, -c = l - n. Is c composite?
True
Suppose 0*n = 4*n. Let h be n + (-9 + 4)*-48. Suppose -3*g + 2997 = h. Is g a composite number?
False
Let o(y) = 5*y**3 - 2*y**2 + y + 4. Let u be o(-3). Let c = u - -214. Is c prime?
False
Let b(k) = -k**3 + 16*k**2 + 14*k + 3. Let c be b(-6). Suppose -o = 3*o - 16. Suppose 301 = o*u - c. Is u prime?
False
Let p = 6259 - 3516. Let d = p + -1644. Is d composite?
True
Suppose 0 = -4*o + 13 - 1. Suppose -5*w = -3*l + 56 - 824, -o*w = -l - 252. Let s = 622 + l. Is s a prime number?
False
Suppose -t + 1641 = 4*q, 0*q - 2*q + 4*t = -798. Let r = 1160 - q. Is r composite?
False
Let b = 722 + -239. Suppose 0 = 14*t + 1051 + 3765. Let f = b + t. Is f a prime number?
True
Let n(l) = -9 - 11 - 3 - 13 - 5*l + l**2. Let z be n(9). Suppose z = -4*a - 4, m - 2*a + 991 = 4*m. Is m prime?
True
Let p(w) = 157*w - 126. Let q(s) = -s + 1. Let l(r) = -p(r) + 5*q(r). Is l(-4) a prime number?
False
Suppose 204 = -9*x + 12*x. Is (17/x)/(2/7832) a composite number?
True
Is 30/(-4)*(-76917882)/279 a composite number?
True
Suppose -4*y - 110 = 5*z, -4*y - 84 - 12 = -2*z. Let c be 3 - (y/(-5) + 839). Is (-2)/(-2)*-2 - (-23 + c) a prime number?
False
Let k(j) = 1142*j**2 - 21*j - 127. Is k(-18) prime?
False
Is 335473 + 23/(322/56) composite?
False
Suppose 2*h + 3892 - 11190 = 0. Is (h/(-2))/((-7)/14) prime?
False
Suppose -3*n = l - 1086 - 18177, 2*n - 12842 = 4*l. Is n prime?
True
Suppose -3*d + 3*u = -119105 - 740530, -4*d + 1146144 = 5*u. Is d a composite number?
False
Suppose -6*j = -4*j - 8. Suppose -5*a - 5*q + 9195 = 0, 5*q - 7354 = -j*a - 0*q. Is a a composite number?
True
Let u(s) = 1. Let h(o) = 2*o - 6. Let q(f) = -h(f) + u(f). Let i be q(2). Suppose 3*v - 692 = -b, 2*b - i*v = -v + 1344. Is b composite?
False
Suppose -4*t = 5*v - 8292234, 10365311 = 61*t - 56*t - 3*v. Is t prime?
True
Let v = 40 + -39. Let b(x) = 5*x - 1. Let h be b(v). Is (2 + -1 + 268)/(-3 + h) prime?
True
Let s be (168/(-18))/(-7)*-21. Is (-1123)/(6/(-8) + 7/s) a composite number?
False
Let d(q) be the first derivative of 1793*q**2/2 - 16*q - 31. Is d(1) composite?
False
Suppose 0 = i - 8*j + 5*j - 138284, 3*i - 414885 = -2*j. Is i a composite number?
True
Let i(y) = -154*y - 39. Let x(u) = -153*u - 38. Let f(c) = 4*i(c) - 3*x(c). Is f(-11) prime?
False
Let f = 8620 - -26996. Let c = -23729 + f. Is c a prime number?
True
Suppose 2 = -a - 2, -2*c = 3*a - 412. Suppose 2*j + c = 2*x - 5420, 5*x = -5*j + 14110. Is x prime?
True
Suppose -3*t + 283770 = 3*w, -7*t - 189185 = -9*t + 3*w. Is t a composite number?
True
Let w(t) be the second derivative of -t**4/6 + t**3 + 7*t**2/2 + 2*t. Let z be w(17). Is (-3 + 5)*-1 - z composite?
False
Let n be (6/126 + (-4)/(-14))*51. Suppose 19*c - 19322 = n*c. Is c a prime number?
True
Suppose -5*x + 794 + 633 = -n, -n + 1423 = 5*x. Is x/(-114)*50636/(-10) prime?
True
Is (148/222)/(2/63741) a composite number?
False
Let u(l) = 101*l**3 - 2*l**2 + 4*l - 5. Let b be u(-3). Let q = b + 4021. Is q a composite number?
False
Suppose -7*t - 22*t - 290 = 0. Let f(r) = -78*r + 89. Is f(t) a composite number?
True
Suppose 1013*p = 971*p + 7999458 + 838728. Is p a composite number?
True
Let r = 1780 - 1098. Suppose -7*h - r = 5044. Let s = h - -1735. Is s prime?
False
Let j(t) = t**3 - 4*t**2 + 4*t - 7. Let d(m) = -6*m - 11. Let g be d(-5). Let u = g + -9. Is j(u) a prime number?
False
Let f be (-296)/(-6)*(-29)/((-116)/72). Suppose f = -7*b + 15*b. Is b composite?
True
Let l = 1108919 - 581820. Is l a prime number?
True
Let z = -443 - -306. Let t be (6*1)/(-2) - (z + 4). Suppose -6*s = -s - t. Is s a composite number?
True
Suppose -47*h = -38*h. Suppose h = 28*m - 80830 - 19018. Is m a composite number?
True
Let g = -109 - -97. Is (g/3)/(24/(-5442)) a prime number?
True
Let v be 4 - (-2)/(-8)*4. Suppose -1815 = -v*g + 258. Is g a prime number?
True
Let k be (-1614)/(-4) + 2/(-8)*-2. Let n = k + -1223. Let z = 1790 + n. Is z a composite number?
False
Let p = 61843 - -25980. Is p a composite number?
True
Let c = -167499 - -342488. Is c prime?
True
Let f(v) = 38 + 18*v - 98*v + 33 - 4. Is f(-9) a prime number?
True
Let u be (-1)/((-2)/(-48))*18/(-27). Suppose 6350 = -u*c + 26*c. Is c a prime number?
False
Let o(x) be the second derivative of 109*x**4/12 - x**3/2 + 21*x**2/2 - 72*x. Is o(3) prime?
False
Let v be -3300*(-3 - (-42)/18). Suppose 2*s - 8884 = -5*z - v, -3*z = -6. Is s composite?
True
Suppose -j - 2*g + 44 = 3*j, 3*g - 54 = -5*j. Suppose 0 = -8*y - 30*y - 328 - 280. Is 118 + 2*j/y*2 composite?
True
Suppose -4*u + 36*c = 33*c - 2684993, -2*c = 5*u - 3356247. Is u prime?
True
Suppose 4*j - 8270 = 2622. Let b = j + -990. Is b prime?
True
Suppose 9*r + 7 = 25. Suppose -3 = o, 5*n + 4*o = r*n - 24. Is (n + -1 + -2)*-13 a prime number?
False
Let n be (5 + -10)*(-10)/(-25). Is 1532/(6 + -2) + 0 + n prime?
False
Let k be (12 + -9)*((-12)/(-9))/2. Suppose 2*w = -k*w - 7456. Is (-98)/(-56)*w/(-2) composite?
True
Is (-467626392)/(-1404) - (-6)/(-26) a prime number?
False
Let n = -183 + 173. Is (n/20)/((-4)/26504) a composite number?
False
Let d = -3 + 17. Suppose 0*b = -d*b + 1078. Is b a composite number?
True
Let z(w) = -15*w - 7. Let u be z(-4). Suppose -51 - 18 = -4*c + 5*f, u = 3*c - 4*f. Suppose 411 = 12*i - c*i. Is i a composite number?
True
Let x(s) = 25*s**2 + 2*s + 15. Let l = 10 - 4. Let m be x(l). Suppose -m = -4*y + 1365. Is y composite?
True
Let s = 131 - 128. Let d(n) = 660*n - 13. Is d(s) composite?
True
Let w(k) be the third derivative of 279*k**4/8 - 26*k**3/3 - 46*k**2. Is w(3) a prime number?
True
Let k(d) = -2*d**3 - 17*d**2 - 14*d + 15. Let m be k(11). Let f = m + 6949. Suppose 588 = 3*u - f. Is u prime?
False
Suppose -5160004 = -4*c - 36*a + 31*a, c + 7*a = 1290001. Is c prime?
False
Suppose 0 = 3*z + 2*z + w - 39, 4*w + 12 = z. Suppose 26 = 2*m + 5*g, -6*g + z = -4*g. Suppose 879 = m*u + 3*h, h - 1187 = -3*u - u. Is u a prime number?
False
Suppose 13*u = -9*u - 67650. Let j = -1274 - u. Is j a prime number?
True
Is (-109 - -112)*2*10522/12 a prime number?
True
Is 209363/154*(-4)/(-2) composite?
False
Is (20/8 - 2)/((-1)/(-40126)) a composite number?
False
Let w(g) = 166*g**2 + 821*g**2 - 9*g + 263*g**2 - 10. Is w(-1) prime?
True
Let u(s) = 30810*s**2 + 1692*s - 5081. Is u(3) a composite number?
True
Suppose -3*x - 4 = -4*l + 4, 0 = x + 3*l - 6. Suppose x = -2*q - 0*q - 4. Let f(g) = -196*g - 3. Is f(q) prime?
True
Let r = 3596 + 8651. Let s = r - 5516. Is s composite?
True
Let w(v) = -v**3 - 17*v**2 - 17*v - 19. Let q be w(-16). Let u be (5 + q)*2/4 + 1. Suppose 0 = b + u*k - 364 - 43, 1223 = 3*b + 5*k. Is b composite?
True
Suppose -2*o - 40 = -3*u, -3*u + 19 + 28 = 5*o. Let s be ((-3)/(-6))/(u/12684). Let x = s - -502. Is x composite?
True
Let x(q) = 151*q**2 - 13*q + 43. Let t be x(-6). Is t - 0/(3 + 3 + -8) composite?
False
Suppose 346652 = -4*x + 8*x. Is x prime?
False
Suppose 41*v - 70*v + 203 = 0. Suppose j - 4*m = 24